
List the prime factors of 2309694089.
431, 1901, 2819
List the prime factors of 44532454.
2, 1933, 11519
What are the prime factors of 23675284?
2, 43, 59, 2333
List the prime factors of 547447712.
2, 7, 2443963
What are the prime factors of 9642852?
2, 3, 267857
What are the prime factors of 184791340?
2, 5, 19, 486293
What are the prime factors of 63170905?
5, 7, 499, 3617
What are the prime factors of 3075804366?
2, 3, 2069, 247769
List the prime factors of 205830838.
2, 19, 337, 16073
What are the prime factors of 130057910?
2, 5, 409, 31799
List the prime factors of 26143906.
2, 29, 113, 3989
What are the prime factors of 1581147459?
3, 19520339
What are the prime factors of 63662751?
3, 1427, 4957
What are the prime factors of 618576742?
2, 7, 73, 605261
What are the prime factors of 5249523635?
5, 43, 349, 1627
List the prime factors of 70526096.
2, 23, 83, 2309
List the prime factors of 3327932590.
2, 5, 71, 4687229
List the prime factors of 649598485.
5, 1879, 69143
List the prime factors of 100980993.
3, 67, 502393
List the prime factors of 41250993.
3, 7, 17, 971
What are the prime factors of 2784226457?
2784226457
List the prime factors of 638813158.
2, 319406579
What are the prime factors of 25407747?
3, 127, 22229
What are the prime factors of 26084089?
149, 175061
What are the prime factors of 226050483?
3, 75350161
List the prime factors of 1886255822.
2, 11, 31, 2765771
List the prime factors of 270520832.
2, 283, 1867
List the prime factors of 104908323.
3, 13, 2689957
What are the prime factors of 3169147117?
3169147117
List the prime factors of 877767981.
3, 4733, 61819
List the prime factors of 1312705506.
2, 3, 7, 31254893
What are the prime factors of 3626653240?
2, 5, 7, 12952333
List the prime factors of 37411050.
2, 3, 5, 17, 863
What are the prime factors of 1176604788?
2, 3, 293, 334643
List the prime factors of 206352588.
2, 3, 13, 1031, 1283
List the prime factors of 1944094626.
2, 3, 37, 2919061
List the prime factors of 30389785.
5, 23, 401, 659
List the prime factors of 41031995.
5, 113, 72623
List the prime factors of 2971286041.
83, 151, 383, 619
What are the prime factors of 122215267?
811, 150697
List the prime factors of 1201265068.
2, 23, 41, 167, 1907
List the prime factors of 30292239.
3, 31, 325723
What are the prime factors of 4317049836?
2, 3, 11, 17, 433, 1481
List the prime factors of 337724044.
2, 7, 31, 389083
What are the prime factors of 833959658?
2, 7, 233, 255659
What are the prime factors of 64798955?
5, 13, 883, 1129
What are the prime factors of 126609495?
3, 5, 109, 211, 367
What are the prime factors of 5327769693?
3, 151, 11761081
List the prime factors of 4870570853.
691, 7048583
What are the prime factors of 8712040?
2, 5, 353, 617
List the prime factors of 3381352027.
20929, 161563
List the prime factors of 1303261528.
2, 19, 8574089
List the prime factors of 39612947.
11, 31, 116167
List the prime factors of 7286630960.
2, 5, 7, 13011841
List the prime factors of 22877617.
7, 23, 142097
What are the prime factors of 293741217?
3, 7, 11, 423869
List the prime factors of 103424706.
2, 3, 7, 11, 71, 1051
List the prime factors of 4613046891.
3, 37, 41558981
List the prime factors of 5713070048.
2, 7, 17, 149, 10069
List the prime factors of 85687650.
2, 3, 5, 17, 23, 487
What are the prime factors of 5664272?
2, 354017
List the prime factors of 755082479.
23, 32829673
List the prime factors of 438416638.
2, 11, 17, 61, 1747
What are the prime factors of 48919815?
3, 5, 7, 51767
What are the prime factors of 21213053?
1753, 12101
What are the prime factors of 2315794143?
3, 13, 683, 86939
List the prime factors of 3433429299.
3, 43, 467, 56993
What are the prime factors of 60286231?
5563, 10837
List the prime factors of 165138647.
9181, 17987
What are the prime factors of 866576146?
2, 199, 2177327
List the prime factors of 479880298.
2, 239940149
List the prime factors of 1314913795.
5, 13, 23, 29, 2333
What are the prime factors of 1019955435?
3, 5, 19, 3578791
What are the prime factors of 8726706?
2, 3, 23, 107, 197
What are the prime factors of 741588132?
2, 3, 181, 421, 811
What are the prime factors of 324497857?
61, 5319637
What are the prime factors of 231613041?
3, 11, 7018577
List the prime factors of 44762456.
2, 5595307
What are the prime factors of 23989716?
2, 3, 222127
What are the prime factors of 1585711144?
2, 1409, 140677
What are the prime factors of 217777060?
2, 5, 83, 127, 1033
List the prime factors of 760763774.
2, 41, 9277607
List the prime factors of 44802643.
23, 1947941
List the prime factors of 520474591.
7, 13, 197, 29033
List the prime factors of 13890683.
17, 103, 7933
List the prime factors of 1178343451.
1178343451
List the prime factors of 57374427.
3, 11, 43, 40433
List the prime factors of 937001982.
2, 3, 7, 22309571
What are the prime factors of 833748878?
2, 416874439
List the prime factors of 444317884.
2, 47, 2363393
List the prime factors of 297477978.
2, 3, 7, 7082809
List the prime factors of 59701586.
2, 7, 17, 137, 1831
List the prime factors of 3175082581.
11, 59, 83, 58943
What are the prime factors of 338174880?
2, 3, 5, 17, 41443
What are the prime factors of 930665438?
2, 181, 353, 7283
List the prime factors of 2182252.
2, 151, 3613
What are the prime factors of 9997942?
2, 4998971
What are the prime factors of 88127585?
5, 7, 13, 47, 317
What are the prime factors of 834264962?
2, 1237, 337213
What are the prime factors of 12778728?
2, 3, 532447
What are the prime factors of 1096165852?
2, 61, 239, 18797
What are the prime factors of 1980015387?
3, 7, 94286447
What are the prime factors of 1447652950?
2, 5, 28953059
List the prime factors of 1391954305.
5, 7, 17, 41, 57059
List the prime factors of 197467291.
7, 17, 67, 24767
List the prime factors of 162592425.
3, 5, 722633
List the prime factors of 1366063514.
2, 15971, 42767
What are the prime factors of 29370156?
2, 3, 29, 37, 2281
List the prime factors of 222434464.
2, 7, 993011
What are the prime factors of 42619038?
2, 3, 7, 11, 29, 3181
List the prime factors of 509653869.
3, 293, 569, 1019
List the prime factors of 117805689.
3, 13089521
List the prime factors of 172237458.
2, 3, 28706243
List the prime factors of 187841515.
5, 439, 85577
What are the prime factors of 260694287?
7, 229, 162629
What are the prime factors of 404646414?
2, 3, 53, 83, 15331
List the prime factors of 3649462330.
2, 5, 211, 431, 4013
What are the prime factors of 59287372?
2, 19, 641, 1217
What are the prime factors of 876559425?
3, 5, 7, 1669637
What are the prime factors of 707780230?
2, 5, 163, 434221
What are the prime factors of 1533480504?
2, 3, 63895021
What are the prime factors of 119061000?
2, 3, 5, 13229
What are the prime factors of 1105467881?
7, 22560569
List the prime factors of 11852968.
2, 613, 2417
List the prime factors of 667505041.
7, 211, 451933
What are the prime factors of 104173769?
7, 1637, 9091
List the prime factors of 296064152.
2, 479, 77261
List the prime factors of 2110061975.
5, 7, 23, 991
List the prime factors of 2760398835.
3, 5, 2551, 72139
List the prime factors of 27036767.
27036767
List the prime factors of 1047701827.
53, 19767959
What are the prime factors of 657846042?
2, 3, 7, 17, 921353
List the prime factors of 2483205777.
3, 13, 21223981
What are the prime factors of 989901150?
2, 3, 5, 7, 942763
What are the prime factors of 1223642875?
5, 7, 13, 97, 1109
List the prime factors of 78398269.
1289, 60821
List the prime factors of 1811974664.
2, 41, 5524313
What are the prime factors of 360560734?
2, 180280367
List the prime factors of 3334984583.
7, 43, 2371, 4673
List the prime factors of 3041979778.
2, 47, 2621, 12347
List the prime factors of 187579945.
5, 7, 5359427
List the prime factors of 250579095.
3, 5, 13, 1285021
List the prime factors of 235990454.
2, 7, 229, 73609
List the prime factors of 39100477.
13, 1087, 2767
List the prime factors of 8507937.
3, 43, 101, 653
List the prime factors of 125604727.
47, 1607, 1663
List the prime factors of 102972133.
11, 9361103
What are the prime factors of 9150306?
2, 3, 11, 138641
List the prime factors of 252015187.
229, 1100503
List the prime factors of 5731306680.
2, 3, 5, 11, 19, 228521
W